pose 4*r = 65 + 19. Let k be 3/9 + (-364)/r. Let n = k - -19. What is i(n)?
-5
Let g(u) be the second derivative of -6*u + 1/2*u**3 + 0 - 1/2*u**2. What is g(-1)?
-4
Let l(u) be the second derivative of -9/2*u**2 - 1/6*u**3 + 0 - 11/12*u**4 + 6*u. Let v(r) = 5*r**2 + 4. Let d(a) = 2*l(a) + 5*v(a). What is d(2)?
10
Suppose 10*q = 7*q + 48. Suppose -12*i = -q*i + 24. Let z(j) = j**3 - 7*j**2 + 7*j - 8. Calculate z(i).
-2
Let d(b) be the first derivative of -b**4/4 + b**3 + b**2/2 - 4*b - 3. Calculate d(3).
-1
Let s(c) = c**2 + 8*c + 14. Let g be -3 - (5 + -9 + 5). Let a be s(g). Let y(d) = -3 - d**3 + 1 - 1 - 3*d**2 - 3*d. Determine y(a).
-1
Let j be (-8)/3*(-6)/4. Let h(v) = 13*v - 6. Let y(r) = 7*r - 3. Let l be 4/10 + (-265)/(-25). Let k(q) = l*y(q) - 6*h(q). Give k(j).
-1
Let z(v) = 4*v - 1. Let d(u) = -9*u + 1. Let w(o) = -2*d(o) - 4*z(o). Give w(4).
10
Let i be 8/28 + ((-468)/(-28) - 5). Let w(s) = s - 17. Calculate w(i).
-5
Let a(p) = 2*p - 9. Let y be a(6). Let x = -22 + 23. Let o be y*x - (-33)/11. Let t(j) = -j**2 + 4*j + 4. Give t(o).
-8
Let t(a) = a**3 + 4*a**2 + 2*a - 2. Let l(u) = u**2 + u - 10. Let z be l(-3). What is t(z)?
-10
Let f be (-72)/(-40)*(-20)/(-6). Let k(a) = 0 - 2 - 5*a + a**2 + 0*a. Calculate k(f).
4
Let y = -31 + 39. Let q(w) = -15*w**2 + 20*w + 1. Let a(d) = -7*d**2 + 10*d. Let r(p) = -13*a(p) + 6*q(p). Determine r(y).
-10
Let d be (-45)/6*(-2)/3. Suppose 21 = d*n + m, n + 2 = 4*m + 23. Let r(a) = -4*a - 4. Let h(f) = 3*f + 3. Let g(j) = -5*h(j) - 4*r(j). Determine g(n).
6
Let t(p) = 9*p - 9*p**3 + 10*p**3 - 7*p**2 - p - 2 - 3. What is t(6)?
7
Let n(o) = -o. Let y(p) = 6*p. Let j(z) = n(z) - y(z). Let d(l) = 2*l. Let h(k) = -22*d(k) - 6*j(k). Let r be (3 - 0)*(-6)/9. What is h(r)?
4
Let u(k) = -k - 16. Let s = -36 + 26. Give u(s).
-6
Let x(n) = 3*n + 17. Let h be (-1 - -11)*-1 - -3. Let f be x(h). Let k(q) be the second derivative of -q**5/20 - q**4/3 + 2*q**2 - 2*q. What is k(f)?
4
Let i(x) be the third derivative of x**6/120 + x**5/15 - 5*x**4/24 - x**3/2 + 9*x**2 - 4*x. Calculate i(-5).
-3
Let g(l) = 2*l + 1. Let t(f) = -27*f - 136. Let j be t(-5). Give g(j).
-1
Suppose -5*l + 3*l = -4*u, 2*u = 2*l - 2. Let v(a) = u - 7*a + 0*a + 3*a. Let o(h) = -7*h - 314. Let q be o(-45). Calculate v(q).
-3
Let w(c) = -10*c. Let j = -8 - -14. Suppose 0*z = z - n - j, 3*z - 6 = -n. Suppose 9 + 2 = -2*s + z*y, 2*s - 1 = -y. Determine w(s).
10
Let b(s) = 13*s + 8. Let m be (-3 - (-3 - -1))/(14 + -13). Calculate b(m).
-5
Let h = 140 + -75. Let s = -63 + h. Let i(p) = -p**3 + p**2 - p + 1. Calculate i(s).
-5
Let r(g) = g + 3. Let i be r(-3). Let s(q) = -q + 4*q - 1 + 3*q - 5*q. What is s(i)?
-1
Let w = 44 + -38. Let z(p) = -2*p**2 + w - 2*p**2 - 24*p + p**3 + 21*p + 0*p**3. Give z(4).
-6
Suppose -3*f - 12 = -3*n, -2*f - 5 + 1 = -n. Suppose f*a - 3*a = 9. Let k(d) = -5*d**2 - 2 + 3*d**2 + 3*d**2 + 0*d**2. Give k(a).
7
Let w be 21/((-5)/(75/(-3))). Let l = w + -108. Let f(o) = -o + 4. Determine f(l).
7
Let y be (-3)/((-324)/(-764)) + (-26)/(-351). Let x(u) = -u**3 - 9*u**2 - 16*u + 3. Give x(y).
17
Let r(l) = l**3 - 6*l**2 + 5. Suppose -g - b = -1, -17*b + 18*b - 13 = -4*g. Determine r(g).
-27
Let w(i) = i**2 + i. Let p be 7/28 + (-13)/4. Let f(c) = c**3 - 4*c**2 - 3*c - 4. Let n(q) = p*w(q) - f(q). Let l be 2*1/2 + -1. What is n(l)?
4
Let d(p) = p**2 + 2*p + 1. Suppose v = -y + 1, -3*v - 3 = -3*y - 4*v. Let k be y/(-3) - (-6)/18. Let m be 2/(-2 + k + 3). Determine d(m).
9
Let f(l) = -l**2 - 1 + 0 + 3*l + 0 + 2*l**2. Let d(x) = -x**2 + 12*x - 3. Let m be d(11). Let a be (-1)/4 - 30/m. Give f(a).
3
Let q(b) = 297*b - 2*b**2 - 3 + 3*b**2 - 298*b. Determine q(0).
-3
Let x(g) = -10*g**3 - g**2 - 2*g - 1. Suppose 3*k + w - 40 = 0, 0 = -4*k - 3*w + 8*w + 28. Let d(n) = -n**3 + 10*n**2 + 25*n - 13. Let i be d(k). What is x(i)?
10
Suppose -x = 5*t - 45, -11 = 4*t + 3*x - 47. Suppose t = -2*p - p. Let g be 64/112 - p/7. Let u(w) = 9*w**3 + 1. Give u(g).
10
Let t(o) = -o**2 - o**3 - 6*o**2 + 1 - 6*o + o**2 - 3*o**2. What is t(-8)?
-15
Let h be ((-6)/4)/((-3)/(-20)). Let t be (h/(-40))/(1/8). Let q(y) = -5*y - y**t + 17 - 17. Determine q(-6).
-6
Let t(u) = -u**3 + 3*u - 12. Let d(f) = f**3 - f**2 - 2*f + 11. Let n(j) = 6*d(j) + 5*t(j). Suppose -6 = -g - 2. Suppose b - g*b = -15. What is n(b)?
-4
Let l(b) = -b**2 - 16*b - 10. Let o(j) = 2*j**2 + 23*j + 14. Let d(t) = -7*l(t) - 5*o(t). Calculate d(-1).
0
Let v be (-5)/(-2 - 5/(-10)). Let n(s) be the first derivative of 5 + 1/2*s**2 + v*s**3 + s. Calculate n(-1).
10
Let d(o) = -o**2 + 12*o - 10. Suppose 0 = 40*t - 5*t - 455. Give d(t).
-23
Let o(s) = -s**3 - 4*s**2 + 7*s - 2. Let y(x) = 2*x. Let u(k) = o(k) - 3*y(k). Suppose 5*r + 16 = 2*m, 0 = 3*r - 5*m - 1 + 3. Calculate u(r).
-6
Suppose -4*o + 5 = -4*a - 9*o, a - 5*o = 5. Let d(p) = -7*p**2 + 11. Let v(j) = -j**2 + 2. Let k(h) = -d(h) + 6*v(h). What is k(a)?
1
Let h(i) = -i**3 + 4*i**2 + i + 2. Let y = -22 - -9. Let m = y - -17. Calculate h(m).
6
Let o(x) = -x + 2. Let j(u) = -2*u + 2. Let l(c) = -4*j(c) + 6*o(c). Let v be 4 + -5 + (-3)/1. Determine l(v).
-4
Let i = -34 - -37. Let f(c) = -c**2 - c + 4. What is f(i)?
-8
Let t(v) = -3*v - 17. Let h = 16 + -23. Let r be t(h). Let c(b) = -b - 4*b**2 + 0*b + 1 - 28*b**3 + 29*b**3. Determine c(r).
-3
Let j(y) = -y**2 - 23*y - 62. Let v be j(-20). Let p(g) = g**3 + g**2 - 4*g - 4. What is p(v)?
0
Let x be (-2)/4*(9 - 110/12). Let n(u) be the third derivative of -7/60*u**5 + 0*u + 1/6*u**3 + 0 + x*u**4 + 11*u**2. Calculate n(-1).
-8
Let r(o) = -o**2 - 3*o + 6. Suppose 0 = -3*v - 7 - 17. Let t(u) = -u**3 - 7*u**2 + 10*u + 11. Let q be t(v). Give r(q).
-4
Let x(a) be the first derivative of 0*a**2 - 10 - 3*a**3 - 1/4*a**4 + 10*a. Determine x(-9).
10
Let f(w) = w**2 - 9*w + 4. Let n(d) = -3*d + 5. Let k be n(-3). Suppose 0 = k*m - 18*m + 24. What is f(m)?
-14
Let y(w) = 3*w - 1. Let q be y(2). Suppose 1 = -q*i - 34. Let p(a) = 2*a + 7. Calculate p(i).
-7
Suppose 5 = -3*a + 2*a. Let b(t) be the second derivative of -1/12*t**4 - 1/2*t**2 - t**3 + 0 + 3*t. What is b(a)?
4
Let v(h) be the first derivative of h**2 + 5*h - 3. Let a be (4/2)/(1/44*4). Suppose a = -3*o + 2*l, 22 = -3*o + o + 5*l. Determine v(o).
-7
Let u be (-2 + -5)/((-6)/(-6)). Let s be -1*(-6)/3*1. Let b = s + u. Let z(v) = -v**3 - 4*v**2 + 4*v - 6. What is z(b)?
-1
Let r be (-24)/18*(-6)/(-4). Let z(y) = -7*y**3 + 4*y**2 - 3*y + 4. Let o(h) = -6*h**3 + 3*h**2 - 2*h + 3. Let q(m) = -5*o(m) + 4*z(m). What is q(r)?
-7
Let i(j) = -j**2 - 14*j - 18. Let b(u) = -2*u**3 + 3*u**2 - 6*u + 4. Let m be b(2). Calculate i(m).
6
Let r be -8 - (0 - (-2 + 4)). Let b(x) = -5 - x**3 + 82*x + 3*x**2 - 8*x**2 + 75*x - 152*x. Determine b(r).
1
Let f(h) be the first derivative of 9*h**2/2 - 3*h + 166. What is f(4)?
33
Let t(g) be the first derivative of -g**3/3 + 8*g**2 - 32*g - 74. What is t(13)?
7
Suppose -5*d = 2*p + 2*p - 14, -2*p - 4 = -3*d. Let h be (-2 - (0 - 6)) + p + -1. Let w(o) = 5*o + 1. What is w(h)?
21
Let r(f) = -3*f - 80. Let p(k) = -k - 37. Let h(g) = 13*p(g) - 6*r(g). Give h(1).
4
Suppose -3*h + 3*p = 66, 4*h + 83 = p - 2*p. Let k(w) = w**3 + 20*w**2 - 22*w - 21. Calculate k(h).
0
Suppose -2*s + 8 = 2*z, 5*z + 0*z - 11 = 4*s. Let c(f) = -2*f**2 - 6*f - 4. Let r(j) = -3*j**2 - 7*j - 4. Let g(w) = z*r(w) - 4*c(w). What is g(4)?
0
Let b(n) = 5*n**3 - 2*n**2 - 9*n - 1. Let j(g) = 2*g**3 + g**2 - 2*g + 1. Let z(v) = b(v) - 2*j(v). Suppose 0 = -3*s + 14 + 1. What is z(s)?
-3
Suppose 0 = -n - 3 + 7. Let g(c) = c**2 - 2*c + 9 + 19 - c - 22 + 0*c**2. Determine g(n).
10
Let g(f) = -5*f + 13. Let s(b) = 9*b - 25. Let j(h) = -7*g(h) - 4*s(h). Determine j(11).
-2
Let d = -394 + 392. Let t(s) = -s + 3. Calculate t(d).
5
Let y(v) be the first derivative of v**3/3 + 4*v**2 + 3*v - 150. Give y(-5).
-12
Let z(q) be the first derivative of -3/2*q**2 - q + 1. Give z(2).
-7
Let t(r) = -696*r**2 - 4*r - 2*r - r**3 - 5 + 1391*r**2 - 701*r**2. Give t(-5).
0
Let q be 8/14 + (-150)/(-350). Let d(s) be the first derivative of 2/3*s**3 + s**2 + q + 2*s. Determine d(-2).
6
Let z(x) = -12*x + 8. Let b(w) = -5*w + 3. Let o(n) = 8*b(n) - 3*z(n). What is o(2)?
-8
Let o(q) = -q - 18. Let z be o(-13). Let v be z*1*12/20. Let y(h) be the first derivative of -h**3/3 - h**2/2 + 